*v = 0. List the prime factors of a(v).
2
Suppose -3*x - 18 = -3*z, x + 14 = z - 2*x. Suppose -z*k = k - s - 13, -2*s - 8 = 0. List the prime factors of k.
3
Let i be -1*(1 - -1) - -6. Let k = 6 - i. Suppose k*w = 3*p - 7, p + 2*w + 3*w - 8 = 0. What are the prime factors of p?
3
Suppose -a - 7 = 2*d - 2, -d - 4 = a. Let q(m) = -13*m - 2. Let f(y) = -1. Let s(i) = d*q(i) + 3*f(i). What are the prime factors of s(1)?
2, 3
Let h be 57/9 + 1/(-3). Suppose 8 + h = w. Let l = 25 - w. What are the prime factors of l?
11
Let m = -10 + 6. Let c be 2*(-2 - (-2)/m). Let n = c + 15. List the prime factors of n.
2, 5
Let i be 15/(-6)*(-1 + 3). Let h(l) be the second derivative of l**5/20 + l**4/2 + 5*l**3/6 + 5*l**2/2 + l. List the prime factors of h(i).
5
Let q = -120 - -254. What are the prime factors of q?
2, 67
List the prime factors of (27/(-5) - -3)*-5.
2, 3
Let d(t) = -27*t - 7. What are the prime factors of d(-7)?
2, 7, 13
Let z(b) = -6*b - 19. What are the prime factors of z(-7)?
23
Suppose -5*m = -0*m - 25. Suppose 4*z = -j + 4*j + 99, m*j = -z + 42. What are the prime factors of z?
3
Let b(y) = -y - 2 + 2 - 6 + 3. What are the prime factors of b(-9)?
2, 3
Suppose -3*i + i + 152 = 0. Let c = i - 21. Suppose 4*v = -y + 13, 5*y - 32 = 2*v + c. What are the prime factors of y?
17
Suppose -3*u + 9 = -6*u. What are the prime factors of (2 + u)/(1/(-4))?
2
Let r = 55 + -5. Suppose -11 = 3*f - r. List the prime factors of f.
13
Let h = 35 + -5. Suppose 4*z = 2*z + h. What are the prime factors of z?
3, 5
Let w = 38 - -2. What are the prime factors of w?
2, 5
Suppose 3*u = 2*u + 4. Suppose r - u = 2*r. Let s = 7 - r. List the prime factors of s.
11
Let k = -51 - -88. List the prime factors of k.
37
Let g(m) = 3*m**3 - 8*m**2 + m + 5. Let y(w) = -w**3 + w**2 + 1. Let j(v) = -g(v) - 2*y(v). Suppose 0 = -0*z - 2*z + 10. What are the prime factors of j(z)?
13
Let h(p) = -p**2 - 4*p + 13. Let l be h(-6). Let i = -7 - -14. Suppose l = -3*x + i. List the prime factors of x.
2
Suppose -163 = -2*s - 2*p + 3*p, -2*s + 4*p = -160. List the prime factors of s.
2, 41
Suppose -3*z + 3*p + 18 = 0, 3*p - 4 = 7*p. Let o(m) = m + 4. What are the prime factors of o(z)?
3
Suppose -4*j + 203 + 5 = 0. Suppose x + j = 4*x + k, 3*x + 3*k - 54 = 0. What are the prime factors of x?
17
What are the prime factors of (-1)/((-530)/(-3614) + 2/(-13))?
139
Let v(g) = 13*g + 22. What are the prime factors of v(0)?
2, 11
Let p be 3 + 0 + 6 + 1. What are the prime factors of p/(0 + 2/5)?
5
Suppose -3*v - 9 = 3, -2*v + 10 = 2*z. What are the prime factors of (-1 + z)*(5 + -4)?
2
Suppose -58 + 2 = 2*c. List the prime factors of (-8)/c + (-52)/(-14).
2
Let z(a) = a**3 + 6*a**2 + 4*a - 3. Let f be z(-5). Suppose 4*v - f*v - 4 = 0. Suppose -v*j + 4 = -14. What are the prime factors of j?
3
Suppose 0 = 2*p + y - 8, -6*y = -2*p - 2*y + 18. What are the prime factors of p?
5
Let c be 2*2/(-4)*-5. Suppose 0 = -c*s - 16 + 56. What are the prime factors of s?
2
Let t(o) = 3*o + 3*o**3 + 7*o**2 - 5*o**2 - o**2 - 2. What are the prime factors of t(2)?
2
Let y = 0 + 17. Suppose y = 2*i - 21. Let h = 29 - i. List the prime factors of h.
2, 5
Suppose s - 2 = 0, 122 = 4*h - 2*s - 3*s. Let y = h - 55. Let a = -13 - y. What are the prime factors of a?
3
List the prime factors of (-12)/(-78) + (-622)/(-13).
2, 3
Let z be (-20 - -2)*(-10)/(-6). Let x = z + 53. List the prime factors of x.
23
Let a(l) = 2*l - 12. Suppose 0 = 5*k - 4*y - 47, -k + 7*y = 2*y - 1. Let x be a(k). Suppose p + o = x, -2*p + 13 = 5*o - 4. List the prime factors of p.
11
List the prime factors of 64/24*(1701/6)/3.
2, 3, 7
Suppose -4*b - 5*z = -15, -5*b = -z + 5*z - 21. Suppose b*j = 3*j + 26. What are the prime factors of j?
13
Let m(i) = 7*i + 7. What are the prime factors of m(5)?
2, 3, 7
Let j = 25 + 5. List the prime factors of j.
2, 3, 5
Let k(d) = d**3 + 7*d**2 - 6*d - 11. List the prime factors of k(-7).
31
Let m = 1 - -73. List the prime factors of m.
2, 37
Let f(u) = -u**3 + 7*u**2 - 6*u - 5. Let l be f(6). Let r be l*(24/(-15) + 2). What are the prime factors of (-1)/r*-2 - -6?
5
Let j(g) = g**2 - 2*g + 3. Let m be j(6). Suppose 0 = 3*q + 9 - m. Suppose -5*s - 2 = -q*s. What are the prime factors of s?
2
Let j = 20 - 20. Suppose -77 = -3*l - s, -2*l + j*l + 50 = 2*s. What are the prime factors of l?
2, 13
What are the prime factors of 18 - 0/(-1) - 2?
2
Suppose 0 = -3*m - s + 515, -3*s - s + 190 = m. What are the prime factors of m?
2, 5, 17
Let w = 75 - 40. What are the prime factors of w?
5, 7
Let n(h) = 2*h - 8 + 2 - 2 + 0. Suppose 0 = d - 0*d - 6. List the prime factors of n(d).
2
List the prime factors of -2 + 30/(-2 + 3).
2, 7
List the prime factors of (-1)/3 + (-278)/(-6).
2, 23
Let n(c) = c**2 - 5*c + 9. List the prime factors of n(11).
3, 5
Suppose 22*a - 17*a = 190. List the prime factors of a.
2, 19
Let f be (8/14)/(4/14). Let t(z) = 4*z**2 - 5 + 4 + 2*z - 2 + f. What are the prime factors of t(1)?
5
Let z be (8/6)/((-2)/6). Let j(f) = -2*f - 2. Let a be j(-7). Let m = z + a. What are the prime factors of m?
2
Let g be -2 + 0 + 102/2. Suppose 0 = -4*a + 2*c + 28 + 30, -2*a + g = -5*c. What are the prime factors of a?
2, 3
Suppose -2*r + 12 = i - 0*i, 16 = 4*r. List the prime factors of i.
2
Let n = 246 + -138. List the prime factors of n.
2, 3
Suppose 4*f - 4*a = 48, -3*a - 51 = -5*f - a. Suppose -5*l = 3*k + 2, 5*l + f = -11. List the prime factors of k.
2, 3
Suppose 43 + 52 = 5*v. What are the prime factors of v?
19
Let f be (-4)/(-10) - 3/(-5). Let x = 2 - f. Let q(s) = 12*s**2 - s + 1. List the prime factors of q(x).
2, 3
Let i(m) = m - 2*m**3 - 6*m**2 + 3 + 3*m**3 - 7*m. Suppose -5*r + 4 = 5*d - 11, 2*r + 1 = -d. List the prime factors of i(d).
2, 5
Let l = 214 - 19. What are the prime factors of l?
3, 5, 13
Let y(u) = 3*u. Let g = -2 - -5. Let o be y(g). Let b(j) = j**3 - 8*j**2 - 9*j + 3. What are the prime factors of b(o)?
3
Let q = 62 - 22. List the prime factors of q.
2, 5
Let z = 35 - -23. List the prime factors of z.
2, 29
Let a(w) = -w**3 - 8*w**2 - w - 3. Suppose 8 = -4*v + 60. Let q = v + -21. What are the prime factors of a(q)?
5
Suppose -y = -7*p + 3*p - 10, 4 = -4*p - 2*y. Let i = p + 11. What are the prime factors of i?
3
Suppose 0 = -10*h + 403 + 967. List the prime factors of h.
137
Suppose -112 = -5*q - 2*v, 3*q = -0*q + 3*v + 63. What are the prime factors of q?
2, 11
Suppose 8*y - 3*y - 80 = 0. What are the prime factors of ((-36)/y)/((-3)/16)?
2, 3
Let w(m) = -m**3 + 8*m**2 - m + 6. Let s be w(8). List the prime factors of 2/((s/(-9))/2).
2, 3
Suppose 6*z - 60 = z. What are the prime factors of z?
2, 3
Suppose 5*w - f + 10 = 1, -3*f = w - 11. Let v be 2 - (-12)/(w*3). List the prime factors of v - (10/(-1) + 1).
7
Suppose -2*u - 12 = -0*u. List the prime factors of u/(-9) + 34/3.
2, 3
Suppose 16 = f - 5*i, -3*f - 2*f = i - 2. Suppose 0 = q - 2 - f. Suppose 5*b + 55 = 2*m + q*m, 5*m - 87 = -3*b. What are the prime factors of m?
3, 5
Let z = -2 - -2. Suppose 3*j = -z*j + 39. Suppose 2*f = 3*f - j. List the prime factors of f.
13
What are the prime factors of 4/(-3) + 400/30?
2, 3
Let q = 1 - -11. Suppose -6*i = -3*i - q. Suppose -m + 4*m + 5*v = 61, 5*m + i*v = 106. List the prime factors of m.
2, 11
Suppose -x - 2*o + 3*o - 4 = 0, 0 = 4*x - 5*o + 18. Let f(g) = 7*g**2 + 2*g + 3. List the prime factors of f(x).
3
Let h be -1 + 3/(6/(-50)). Let m = h - -38. What are the prime factors of m?
2, 3
Let d = 6 - 1. Suppose 3*x + 3*l = 54, d*x - 3*l - 68 - 22 = 0. List the prime factors of x.
2, 3
Suppose x + 0*x = 11. List the prime factors of x.
11
Suppose -13*h = -11*h - 142. Suppose 5*l - h = -2*o, -o - 2*l + 36 = l. What are the prime factors of o?
3, 11
Let r(v) be the third derivative of -v**6/120 - v**5/20 + v**4/8 + v**3/3 - v**2. What are the prime factors of r(-4)?
2, 3
Suppose -3*a + 5*g + 1 = 6, -g = -a + 1. What are the prime factors of (-30)/(-40)*a*4?
3, 5
Let j(v) = v + 9. Let n = -17 - -11. Let d be j(n). Suppose 5*m - 4 = 4*m - 4*g, 0 = -4*m + d*g + 54. What are the prime factors of m?
2, 3
Let p be (0 + 1)*-15 - 0. Let i be (1 + 2)*p/(-3). Suppose 4*g - i = x, 2*g - 5 = 4*x - x. What are the prime factors of g?
2
Let f be 1/((3/(-45))/(-1)). What are the prime factors of (-1